mon divisor of 123 and b.
41
Let c be (-5)/(-4) + (-24)/(-32). Suppose 3*o = 3*m - 42, -c*m + 16 = -5*o - 0. Calculate the greatest common divisor of 27 and m.
9
Let u = 5 + -5. Let m be -6 + u*2/4. Let s(f) = -2*f - 7. Let p be s(m). Calculate the highest common divisor of 5 and p.
5
Suppose -56*a = -45*a - 462. Calculate the highest common factor of 56 and a.
14
Suppose 27 = 3*g + 3*d - 96, 0 = g + 5*d - 61. Let v(c) = -c + 12. Let a be v(0). Calculate the greatest common divisor of a and g.
12
Let v = -1047 + 1959. What is the greatest common divisor of v and 32?
16
Suppose -2*v + 2 = 0, 0 = -3*d - 0*v + 3*v + 51. Suppose 3*a + d = -0*a. Let u be ((-3)/a + 4)*22. Calculate the highest common factor of 9 and u.
9
Suppose 17*j = 55214 - 16301. What is the greatest common divisor of j and 21?
21
Suppose -3*u + p = -2*p - 3, 5*u - 3*p = 3. Let d(k) = u*k**2 + 4 + 1 - 8*k - k**2 + 0*k**2. Let o be d(-6). Calculate the greatest common factor of 187 and o.
17
Suppose 12 = -6*c + 8*c. Let p = c - -36. Calculate the greatest common divisor of 6 and p.
6
Let u be -2 + 10 + (168 - 56). Calculate the greatest common divisor of 255 and u.
15
Let c be (-118)/1062 + 937/9. Calculate the greatest common divisor of 780 and c.
52
Let f be 1 - -113 - 42/(10 - 17). Let t be -1 - (2 + (-2)/2). Let a be 380/16 + t/(-8). Calculate the highest common factor of f and a.
24
Suppose -2*u + 2 = 6, -3*u = -4*a + 26. Let z(f) = -68*f**3 - 4*f - 4. Let b be z(-1). Let o = -48 + b. What is the greatest common divisor of a and o?
5
Let y(u) = 7*u**2 + 9*u + 3. Let q be y(5). Suppose 7*m - q + 41 = 0. Calculate the greatest common factor of m and 39.
13
Suppose -4*y = 6 + 2. Let k be 6/(-2) - (y - -15). Let w be (-4)/k - (-501)/12. Calculate the highest common factor of 6 and w.
6
Suppose 5*x - 62 = 2*a, -5*a = -2*a + 3. Calculate the greatest common factor of 588 and x.
12
Let z = 28 - 7. Let r = -20 - -41. Calculate the highest common divisor of z and r.
21
Let a = 43 - 27. Suppose 0 = -8*d + 26 - 10. Suppose -14 = -5*h + 1, -3*f = -d*h - 474. What is the greatest common factor of f and a?
16
Let u(k) = -k**2 + 13*k + 12. Suppose -4*q + 45 = -7. Let v be u(q). What is the greatest common divisor of 8 and v?
4
Let s = 767 - 351. Calculate the greatest common divisor of s and 156.
52
Suppose 68 = 5*j - 22. What is the highest common divisor of j and 42?
6
Suppose -90 = -5*h - 5*j, -2*j - 2*j - 12 = 0. Suppose 20*r = 44 + 96. What is the highest common divisor of h and r?
7
Let m be -4*(-3)/24 - 809/(-2). Suppose -3*u + 143 = -4*h, -3*h = 5*u - 112 - 107. What is the greatest common factor of m and u?
45
Let k(x) = -x**3 + 3*x**2 + 11*x + 5. Let p = 2 - -3. Let d be k(p). Let l(h) = 24*h + 2. Let f be l(2). What is the greatest common divisor of d and f?
10
Let i be ((-24)/(-20))/(1/10). Suppose -2*d + 3*p = -54, d - 5*p - 30 = 4. Suppose 6*t = 3*t + d. Calculate the highest common divisor of t and i.
4
Let q = -2 + 7. Suppose -240 = 18*a - 20*a. Suppose -a = 6*s - 12*s. What is the greatest common divisor of s and q?
5
Let k = -42 - -59. Let h be 1 + 28/3 - (-13)/(-39). Suppose 0 = -h*r + r + 153. Calculate the highest common factor of r and k.
17
Let w = 3 - 37. Let r = w - -66. Suppose -i + 37 = 4*t, -5*t + 14*i = 15*i - 45. Calculate the greatest common factor of t and r.
8
Let w be 15*(7 + 319/(-55)). Calculate the greatest common factor of w and 144.
18
Let q(r) = r + 19. Let c be q(-13). Let t = c + -3. Suppose -85 = -t*s - 2*s. Calculate the greatest common divisor of 17 and s.
17
Let v be ((-12)/5)/((-7)/((-490)/(-6))). Calculate the greatest common factor of 1582 and v.
14
Let r = -2335 + 4756. What is the greatest common divisor of r and 9?
9
Let p be (-28)/(-42)*(-18)/(-4). Suppose p*j = -3*m + 354, 0 = j - 3*m + m - 124. Calculate the greatest common divisor of 10 and j.
10
Let z be 65/(-3 + (-1)/2 - -4). Suppose -3*a = -5*a + z. Calculate the highest common factor of a and 5.
5
Let c be 0 - -32 - (0 + -1). Let w be (-39)/3 + 96/4. Calculate the highest common factor of w and c.
11
Suppose z - 2 = -0. Suppose z*n + 20 = g, -3*n = 3*g - 8 - 16. Calculate the highest common factor of 30 and g.
6
Let t(k) = 89*k - 332. Let s be t(4). Let n = -5 + 77. Calculate the highest common divisor of n and s.
24
Suppose -4*v + 4 - 29 = -5*u, -u + 3*v = -5. Let d(y) = y**3 - 19*y**2 + 16*y + 86. Let s be d(18). What is the highest common divisor of s and u?
5
Suppose -31*o = -4*k - 33*o + 134, -99 = -3*k - o. What is the greatest common factor of 10 and k?
2
Suppose -4*w + 97 = -o, 76*w = 72*w + 4*o + 88. What is the greatest common factor of 25 and w?
25
Let i = 14 - 9. Suppose i*z = -2 + 17. Calculate the greatest common divisor of z and 3.
3
Let d be (-31)/(-2)*(7/7 + -5). Suppose 5*l - 3*f = 19, 2*l + 2 - 15 = 3*f. Let o be l/(d/(-20) + -3). Calculate the greatest common divisor of 8 and o.
4
Suppose 2*i + 2 = -4*g, 0 - 3 = 3*i. Suppose 2 = q, g = -2*n + q + 18 + 24. What is the highest common divisor of n and 110?
22
Let s = -580 - -599. What is the greatest common divisor of 38 and s?
19
Suppose 35*o - 1160 = 27*o. Calculate the greatest common divisor of 5 and o.
5
Suppose -3*o + 3 = 0, 5*d + o = 5*o + 66. Suppose -2*a + 4*b = -24, -d - 42 = -3*a + b. Calculate the greatest common divisor of 5 and a.
5
Let o(x) = x**2 + 37*x + 106. Let m be o(-34). Calculate the highest common divisor of 16 and m.
4
Let f be -6 + 38/7 - (-60)/7. Suppose 2*m - f*m = -198. Calculate the greatest common divisor of m and 297.
33
Suppose 205*p = 243*p - 10488. Calculate the greatest common factor of 24 and p.
12
Suppose 0 = z + 3*z - 3*x - 214, 0 = -4*z + 2*x + 212. What is the greatest common divisor of z and 104?
52
Suppose 0*h - 3*h = 0. Suppose -u = -h*u - 10. Calculate the greatest common divisor of u and 80.
10
Let m(y) = 6*y**2 - 7*y - 1. Let r(l) = l. Let u be r(1). Let j = -6 + u. Let v be m(j). What is the highest common divisor of v and 23?
23
Let o = -4 + 32. What is the greatest common factor of 322 and o?
14
Let n = -29 + 189. Let v be n + -1 - 0/(-2). Suppose -2*d - 30 = -y, -4*y + v = 5*d + 39. What is the highest common factor of y and 10?
10
Let r be 3487/11 - (-7 - -1). Calculate the highest common divisor of r and 34.
17
Suppose -3*h - 7*h = -4850. Let i be (h/(-10))/(-1) - (-3)/6. What is the highest common factor of 7 and i?
7
Let q be 2 + (-548)/(-5) - (-4)/10. Let c be ((-4)/(-3) - 2)*-42. Calculate the greatest common divisor of q and c.
28
Let z(u) = -11*u - 150. Let r be z(-13). Let l(g) = -g**3 + 6*g**2 + 6*g - 1. Let n be l(7). Let x = r - n. What is the greatest common factor of 7 and x?
1
Suppose 9*d - 5870 = 799. Calculate the greatest common factor of 39 and d.
39
Let o = 15 - 2. Let i be ((-3)/(-3))/((-6)/(-24)). Suppose 0 = g - r - 145, 5*r + i = 3*r. Calculate the highest common factor of o and g.
13
Suppose 0 = -4*p + 408 + 48. Suppose -3*r - 6*u + u = -87, 2*u = 5*r - p. Calculate the greatest common divisor of r and 18.
6
Let g = -1538 - -2489. What is the highest common factor of 3 and g?
3
Suppose f = -4, -5*s - 3*f = -f - 577. Calculate the highest common divisor of 624 and s.
39
Let k = -327 - -872. What is the highest common divisor of 109 and k?
109
Let r(p) = 2*p**3 + 16*p**2 + 9*p - 3. Let c be r(-8). Let h = c + 124. Let t be 7*(2 + -1 + 0). Calculate the highest common divisor of h and t.
7
Let v(g) = g**3 + 16*g**2 - 44*g + 12. Let a be v(-18). Calculate the highest common factor of a and 39.
39
Suppose 3386 = 3*y - 0*r + 4*r, 0 = -2*y + 4*r + 2284. What is the greatest common divisor of y and 42?
42
Suppose 20 = -3*r - 1. Let d be 0 - (0 + r + 1). Let k(y) = 6*y - 6. Let g be k(d). Calculate the highest common factor of g and 30.
30
Let o(b) = 8*b - 20. Let x be o(-9). Let q = -58 - x. What is the greatest common factor of q and 85?
17
Let l(c) = -2*c**3 + 32*c**2 + 39*c - 1. Let r be l(17). Suppose -3*z - 3*u + 0*u + 144 = 0, -u = 0. What is the highest common factor of z and r?
12
Let y = 4 - -8. Let r = 968 + -920. Calculate the highest common factor of r and y.
12
Let i(r) = 47 - 23*r - 4*r + 3*r**2 - 81. Let d be i(14). Calculate the highest common divisor of 22 and d.
22
Suppose -4*t = -9*t + 110. Let n be (-11)/t - 11/(-2). Let p